
100032
In base 13, what is 5 + -10480?
-10478
In base 3, what is -11221001212121 - -1?
-11221001212120
In base 2, what is 10111011101111010110011 - 101?
10111011101111010101110
In base 7, what is -34332 + 0?
-34332
In base 3, what is -1 - 1102120021?
-1102120022
In base 8, what is -5 - 100317?
-100324
In base 13, what is 599 - 18c?
40a
In base 5, what is 133044 - 10?
133034
In base 6, what is -2 + 225345?
225343
In base 8, what is -1074 - -504?
-370
In base 16, what is -96 - 4?
-9a
In base 6, what is -2 - 12545?
-12551
In base 3, what is -10002 - 2022222?
-2110001
In base 2, what is -101100 + -11001010111100?
-11001011101000
In base 15, what is 2 - c486?
-c484
In base 12, what is a2129 + -2?
a2127
In base 5, what is 0 - -14141?
14141
In base 7, what is 26 - -1553622?
1553651
In base 15, what is -8d3c + 1?
-8d3b
In base 10, what is 0 + -283800?
-283800
In base 7, what is -123466 + 2?
-123464
In base 16, what is 1 - -33fc?
33fd
In base 5, what is -3410 - -1312?
-2043
In base 2, what is -100001010001010000111 - 10?
-100001010001010001001
In base 9, what is -48885 + 17?
-48867
In base 6, what is 1555532 + 24?
2000000
In base 14, what is -12d4 + 294?
-1040
In base 7, what is 232 + 214?
446
In base 16, what is bb6 + -4b?
b6b
In base 9, what is 2272350 - -1?
2272351
In base 5, what is 21334 - -31?
21420
In base 16, what is 32 - 2253?
-2221
In base 8, what is -6006 + 1350?
-4436
In base 8, what is 35577 - -402?
36201
In base 9, what is -3516 - 385?
-4012
In base 7, what is -3 + -15023240?
-15023243
In base 12, what is -2 - -253177?
253175
In base 15, what is -535c + -6?
-5363
In base 10, what is -6943 - 15?
-6958
In base 3, what is -12022212122 - -12?
-12022212110
In base 9, what is -201 + -280?
-481
In base 14, what is c - 19bd?
-19b1
In base 7, what is 36015 + 4?
36022
In base 7, what is -4142 + 1263?
-2546
In base 2, what is 10 - 1100110111000111?
-1100110111000101
In base 5, what is -2 - 2343200?
-2343202
In base 16, what is -2 - -19db?
19d9
In base 2, what is 1010 + 10000011?
10001101
In base 11, what is -a8 + 185?
88
In base 8, what is -6 + -16127?
-16135
In base 12, what is -21855 + -26?
-2187b
In base 16, what is -7 - 5fb?
-602
In base 3, what is -1222011 + 2020?
-1212221
In base 5, what is 32 - 11324130?
-11324043
In base 8, what is 27030 + 0?
27030
In base 11, what is -247 + -81?
-318
In base 7, what is 2042122 + 2?
2042124
In base 5, what is 1 - 330020?
-330014
In base 4, what is 222221312 - 103?
222221203
In base 2, what is -1110111 + -1000110100?
-1010101011
In base 13, what is -108 - 75?
-180
In base 15, what is 10e9476 - 5?
10e9471
In base 11, what is -88403 + 16?
-88398
In base 10, what is -13 + 41467?
41454
In base 7, what is 2051120 + 5?
2051125
In base 11, what is 1 + 28595?
28596
In base 7, what is -2 - 20620?
-20622
In base 11, what is 223a57 - 4?
223a53
In base 7, what is 3260333 + -2?
3260331
In base 16, what is -1b - 7a9?
-7c4
In base 3, what is -112120002 - 21?
-112120100
In base 15, what is 4 - 5e4?
-5e0
In base 16, what is -2ff3 + 7?
-2fec
In base 10, what is -22095 - -5?
-22090
In base 2, what is -10100101001001 - 110?
-10100101001111
In base 4, what is -11111 - -210111?
133000
In base 16, what is -16153 + 5?
-1614e
In base 12, what is 887280 + -5?
887277
In base 6, what is 203454 - -1?
203455
In base 5, what is 1333 - 114131?
-112243
In base 5, what is -112241313 - -3?
-112241310
In base 5, what is 10 + -412220?
-412210
In base 14, what is -152 + 442?
2d0
In base 14, what is 146cc6 + 3?
146cc9
In base 3, what is -1211212 - 1?
-1211220
In base 5, what is -3 + -20240432?
-20240440
In base 5, what is -3 + 12443122?
12443114
In base 15, what is -27 + 1bda?
1bb3
In base 2, what is -10000101110011011101 + 11?
-10000101110011011010
In base 15, what is -23281 - d?
-2328e
In base 7, what is 11200335 + 4?
11200342
In base 9, what is 835 + -3?
832
In base 15, what is -2 + -18305?
-18307
In base 2, what is -10001100100010100 - 10?
-10001100100010110
In base 15, what is -1288 - 14e?
-13d7
In base 14, what is 32cc6 + 7?
32ccd
In base 10, what is -966 + 91?
-875
In base 11, what is -3a617a + -3?
-3a6182
In base 12, what is -1 - -b432?
b431
In base 14, what is -7c78 - -8?
-7c70
In base 3, what is -2120 - -1022202?
1020012
In base 4, what is -330 - -1321101?
1320111
In base 4, what is 3023111 - -31?
3023202
In base 8, what is 1021 + 176?
1217
In base 16, what is -2b53 - -3?
-2b50
In base 8, what is 0 + -25620?
-25620
In base 13, what is -b + -2177?
-2185
In base 14, what is -1 - -26d4?
26d3
In base 5, what is 2 - -30112330?
30112332
In base 3, what is 10212220 - -10022?
11000012
In base 14, what is 7 + 3438?
3441
In base 11, what is 7 - -6a7?
703
In base 9, what is 884 - -1246?
2241
In base 13, what is 78434 + -9?
78428
In base 14, what is 19 + -7ca8?
-7c8d
In base 7, what is -101343 + 0?
-101343
In base 10, what is 70 - -25842?
25912
In base 7, what is 163 - 5166?
-5003
In base 11, what is -43 + 1172?
112a
In base 4, what is -2200320 + 20?
-2200300
In base 15, what is -6bbd + 1?
-6bbc
In base 14, what is c + a63?
a71
In base 11, what is 24 - -656?
67a
In base 12, what is -83 + 602a?
5b67
In base 7, what is -1602 - -266?
-1303
In base 12, what is -24a2 - 0?
-24a2
In base 4, what is -11 + 3332121?
3332110
In base 14, what is -9 - b7ca?
-b7d5
In base 13, what is 0 - 1a463?
-1a463
In base 11, what is -1351 - -1?
-1350
In base 16, what is b7 - -5b?
112
In base 14, what is 7d0c8 + 2?
7d0ca
In base 5, what is -31201 + 3?
-31143
In base 5, what is 3003 + -133?
2320
In base 12, what is -30b + -216?
-525
In base 14, what is 4a1d + 15c?
4b7b
In base 15, what is 2e - 1b9?
-18a
In base 3, what is -2201010 + -20120?
-2221200
In base 16, what is -cc + 28e?
1c2
In base 12, what is 6aa57 + -2?
6aa55
In base 2, what is -10110011101 - 1001011?
-10111101000
In base 11, what is -271a - -3?
-2717
In base 8, what is -4 + 563601?
563575
In base 16, what is 4bcc - -ae?
4c7a
In base 8, what is 47 - 6620?
-6551
In base 7, what is -2226 - -10?
-2216
In base 15, what is 15 - 10038?
-10023
In base 10, what is -1 + 3652?
3651
In base 2, what is -110010100110001 + 10?
-110010100101111
In base 2, what is 1 + 100100000110110101011?
100100000110110101100
In base 7, what is -11 - 23060?
-23101
In base 15, what is 12be + 82?
1351
In base 11, what is -2 - 192453?
-192455
In base 15, what is 1a432c - -4?
1a4331
In base 8, what is 33 - -170104?
170137
In base 7, what is -1055420 + 2?
-1055415
In base 4, what is -10122022 - 0?
-10122022
In base 2, what is 10100101010101001 - -101?
10100101010101110
In base 8, what is -1 + 441543?
441542
In base 9, what is 4757228 - -4?
4757233
In base 13, what is 8cc57 + 4?
8cc5b
In base 11, what is -8 + 13604?
135a7
In base 12, what is -636 - 624?
-105a
In base 14, what is -9718 - -47?
-96b1
In base 12, what is -40b - 32b1?
-3700
In base 11, what is -795 + 344?
-451
In base 13, what is 3 - -87ba1?
87ba4
In base 13, what is -6429 + 87?
-6372
In base 16, what is -ba - 1e0?
-29a
In base 13, what is -3 - -19450?
1944a
In base 6, what is -222 - 5015?
-5241
In base 4, what is 1130303 - -100?
1131003
In base 12, what is -6b47a - 1?
-6b47b
In base 11, what is -50 + 802a?
7a8a
In base 15, what is -1d3 + -117?
-2ea
In base 3, what is -10 - -1201201211?
1201201201
In base 2, what is 100 - -1100011010010?
1100011010110
In base 7, what is 505 + 1236?
2044
In base 14, what is 269 - 213?
56
In base 7, what is 510122 + -3?
510116
In base 9, what is -26880667 - 0?
-26880667
In base 11, what is 7 + 3a3441?
3a3448
In base 5, what is -13420200 - 20?
-13420220
In base 3, what is 2 - -2012000221?
2012001000
In base 6, what is -5 + 14423143?
14423134
In base 10, what is 9 - 214286?
-214277
In base 13, what is 3b8cb - 0?
3b8cb
In base 5, what is 1314 + -4123?
-2304
In base 7, what is 3325543 + 3?
3325546
In base 5, what is -2414 - 430023?
-432442
In base 5, what is -110 + 232401?
232241
In base 2, what is 11000001 - -10100011?
101100100
In base 8, what is 2262 - -712?
3174
In base 7, what is 5 - -42423?
42431
In base 2, what is -100111010 + 1111010111?
1010011101
In base 5, what is 100003 - -20443?
121001
In base 3, what is 1212210012 - 11?
1212210001
In base 14, what is 10 + cab?
cbb
In base 5, what is -2421 + -214?
-3140
In base 9, what is 42 + -4237?
-4185
In